 -338 + 473. Let j(d) = -d**2 + 12*d - 5. Let w be j(8). Calculate the highest common factor of w and l.
27
Suppose 4*t - 270 = 630. Suppose 1153 + 555 = 114*k - 1142. What is the highest common factor of k and t?
25
Let q(j) = 63*j - 608. Let f be q(16). Calculate the highest common divisor of f and 25.
25
Let t(s) = 3*s + 43. Let i(y) = y + 2. Let v(h) = -4*i(h) + t(h). Let m be v(21). Calculate the highest common factor of 49 and m.
7
Let x(m) = 60*m + 4. Let c be x(3). Suppose 7*r - 5*g = 2*r + 180, 0 = 5*r - g - c. What is the greatest common factor of r and 37?
37
Let y = -37 - -52. Suppose -3*g + h = 2*h - 6, -4*g + h = -15. Calculate the greatest common divisor of g and y.
3
Suppose 123 = -2*g + 525. What is the highest common factor of 268 and g?
67
Suppose 4*j = -j + 55. Suppose 2*b + 4*u = 28, 151 - 203 = -2*b + 2*u. Calculate the greatest common divisor of j and b.
11
Let m(a) = a**3 - 5*a**2 - 5*a + 6. Let w be m(6). Let l be (-28)/(-16)*(2 + 4 + 2). Suppose -l*h = -w*h - 20. What is the highest common divisor of h and 25?
5
Let y = -127 - -145. Calculate the highest common divisor of y and 54.
18
Suppose -g + 3 + 0 = 0. Suppose -z + 2 - 13 = -3*n, 3*n = g*z + 39. Let j = 70 + z. Calculate the greatest common factor of 14 and j.
14
Let h be -4 + 5 - (-1 - 1). Suppose r - 3 = -0*r - i, h*i + 3 = 0. Calculate the highest common factor of 16 and r.
4
Suppose 2*x + 7 = -3*p, -x + 4*x - 32 = 4*p. Suppose 3*u - x*u + 128 = 4*b, 0 = 4*u + 2*b - 554. Calculate the greatest common divisor of 56 and u.
28
Let b be (-4)/(-20) - ((-102)/15 + -2). Let l(t) = -t**3 + 10*t**2 - 9*t + 6. Let v be l(b). Calculate the greatest common divisor of v and 24.
6
Let x be 532/(-6) - (-1)/(-3). Let o be 0/1 + 7/((-63)/396). Let f = o - x. Calculate the highest common factor of f and 9.
9
Suppose 153*q - 150*q - 27 = 0. Calculate the highest common divisor of 72 and q.
9
Let y be (343 + (-1 - -2))*4/8. Suppose 23 + y = 15*s. Calculate the highest common factor of s and 13.
13
Let c = -1883 + 1904. Calculate the highest common divisor of 2415 and c.
21
Let h = 4 + -22. Let p be 6/27 + (-482)/h. Let z = p + -16. What is the greatest common factor of 88 and z?
11
Suppose -32*x + 36*x = -60. Let i = 47 + x. What is the highest common factor of i and 64?
32
Let n be (-3963)/(-12) + 7/(-28). Calculate the highest common factor of 110 and n.
110
Suppose 2*o = 4*t + 42, -2*o + 45 = -4*t + 3*o. Let w = -5 - t. Suppose -2*l + 40 = 5*u, u = -l + w*l + 30. What is the highest common divisor of 10 and u?
10
Let w be 2/4*(-1440)/(-6). Let a be (-21)/(-4)*w/9. What is the greatest common divisor of 14 and a?
14
Let k(p) = -24*p - 34. Let z be k(-8). Suppose 4*n = 12*s - 11*s + z, 3*s = n - 45. Calculate the highest common divisor of n and 39.
39
Let k be 40/5 + 2*(-3 - -1). Let m be 3213/297 + k/22. Calculate the greatest common divisor of m and 22.
11
Let v be (-4 + -3 + 2)*-1. Suppose v*g + 2*d = -63, 7 = -3*g + 5*d - 6. Let u = 7 - g. What is the highest common factor of 90 and u?
18
Let o(d) = -d**2 + 20*d - 30. Let c = -13 + 25. Let q be o(c). What is the highest common divisor of q and 6?
6
Suppose 5*r = 5*y + 705, -14*r + 15*r + 5*y - 111 = 0. Calculate the highest common factor of 1156 and r.
68
Suppose -3048 = 146*u - 149*u. What is the greatest common factor of 8 and u?
8
Let c(a) = -4*a - 9. Let y be c(-7). Let q(h) = 16*h + 107. Let v be q(4). What is the greatest common divisor of y and v?
19
Suppose -2 - 4 = -3*d. Let r = 3 - d. Let x(m) = -m + 2. Let z be x(-5). Calculate the highest common factor of r and z.
1
Suppose 13 = 5*w - 72. Let n = -165 + 75. Let r = 107 + n. Calculate the greatest common divisor of w and r.
17
Let o(z) = -15*z**3 + z**2 + z + 1. Let t be o(-1). Let j = t - 19. Let y be (-3)/(-6)*(43 - j). Calculate the greatest common factor of 92 and y.
23
Let u be 2/(-2 + (2 - 1)). Let m be -1*2/u - -16. Let y = -1589 + 1708. Calculate the highest common factor of y and m.
17
Let u be ((-76)/95)/((-1)/1530*3). What is the greatest common divisor of 72 and u?
24
Let i(t) = -2*t**3 + 41*t**2 + 19*t + 46. Let o be i(21). Calculate the greatest common divisor of o and 412.
4
Let p be -3*(-111)/(-18)*-4. Suppose -p = -4*h + 118. Let r(a) = -2*a + 16. Let k be r(5). Calculate the greatest common factor of k and h.
6
Let v = 139 - 77. Let r = -42 + v. Suppose d + 3*q = 2, -q - 2*q = 3*d - 18. What is the highest common factor of r and d?
4
Let y be 0 + 2 - (-5 - 33). Let j = y - 23. Calculate the greatest common divisor of j and 153.
17
Let t be ((-6)/5)/((-6)/15). Suppose 28 = 5*i - 2*l, 3*l - t + 35 = 5*i. Suppose 3*x - i*x + 40 = 0. What is the greatest common divisor of 10 and x?
10
Let j = 262 - 185. Calculate the highest common factor of 55 and j.
11
Suppose 7*t = -84 + 273. What is the highest common divisor of t and 54?
27
Let m(n) = n**3 + 4*n**2 - 12*n + 1. Let p be m(-6). Let u be 92 - (p - (-8)/(-4) - -5). Calculate the highest common divisor of u and 220.
44
Let c be -1*((-3)/(-3) + -2 + -1). Suppose 5*y - c*y - 39 = 0. Calculate the highest common divisor of 65 and y.
13
Let d(p) = -2*p**3 - 44*p**2 + 46*p + 32. Let f be d(-23). What is the highest common factor of f and 112?
16
Suppose -3*d = -10*d + 15680. Suppose 5*b + d = 15*b. What is the highest common divisor of b and 32?
32
Let b be 87/5 + 3/5. Let i be (18/15)/(b/60). Let u = 56 - 12. Calculate the greatest common divisor of i and u.
4
Suppose 4*h - 1174 = -622. What is the highest common divisor of 2346 and h?
138
Suppose -5*w + 4*b + 228 = 3*b, 5*w + b - 222 = 0. Calculate the greatest common factor of w and 72.
9
Let j be (2/8 - -2)/((-174)/(-1856)). What is the highest common divisor of j and 324?
12
Suppose k + 5 = 2*b, 2*k = -4*b - 19 + 1. Let g(a) = -a**2 + 8*a + 10. Let j be g(7). Let q = j - k. What is the greatest common factor of 24 and q?
24
Suppose -18*g + 171 + 279 = 0. Suppose -41 = -w - 4*y, 2*w - 3*y = 2*y + 30. Calculate the highest common factor of w and g.
25
Let k(f) = -30*f - 65. Let q(c) = -16*c - 32. Let n(v) = -2*k(v) + 5*q(v). Let g be n(-3). What is the highest common factor of 50 and g?
10
Let c be (-9 + -35)*(8/(-2) + 0). Let i be 0 - 5/((-10)/32). Calculate the greatest common factor of c and i.
16
Let v be ((-3)/(-3) - 22)/((-4)/12). Calculate the greatest common divisor of 1197 and v.
63
Let z = 1133 - 1083. What is the greatest common divisor of z and 330?
10
Let m = 7 + -5. Suppose 4*k + 4*v - 319 = -19, v = -m. Let d = k - 55. Calculate the highest common divisor of d and 176.
22
Let x = 3281 - 3262. Let v = 0 - -2. Suppose -o - v*o - k = -225, 5*k = -15. What is the highest common divisor of o and x?
19
Let i = 206 - 195. Let s be (-22)/2*(-2)/2. Calculate the greatest common divisor of s and i.
11
Suppose 0 = -4*o - 3*r - 7, 4*r + 21 = -3*o + 7. Suppose -o*h = -63 + 17. Calculate the highest common divisor of h and 46.
23
Suppose 5*m - 3*r - 11 = 0, -2*m - 22 = 4*r - 16. Let z = -5 + 4. Let n = 0 - z. Calculate the highest common divisor of m and n.
1
Suppose -5*m + h = -276 + 49, -m + 4*h + 53 = 0. Suppose 2*t + t = 2*v + 82, -2*t = 2*v - 68. Calculate the highest common divisor of m and t.
15
Let c = 386 + -186. Let b = 157 - 82. Suppose -b = -24*f + 21*f. Calculate the greatest common divisor of c and f.
25
Let b = -139 - -147. Suppose 4*t = b, -4*f = -f + t - 272. Suppose -u = -11 + 1. What is the greatest common factor of u and f?
10
Suppose -28 = -8*l + 6*l. Suppose 2*x + l = 4*y - 0*x, -3*y = -4*x - 23. Suppose y = -p + 7. Calculate the greatest common divisor of p and 12.
6
Let y be 1704/(-30)*90/(-36). What is the greatest common factor of 4 and y?
2
Let c be ((-90)/35)/(10/(-2100)). Calculate the highest common divisor of 27 and c.
27
Let m(f) = f**2 + 3*f + 21. Let r be m(8). Suppose 2*t - 2 = 0, 0 = 5*d - 0*t - 4*t + r. Let k be (-222)/d - 4/7. What is the highest common factor of 50 and k?
10
Let t be 6 + (7 - -3) + 0. What is the highest common divisor of t and 80?
16
Let h(d) = d**3 - 9*d**2 + 13*d - 27. Let p be h(8). Suppose p*t - 9*t - 12 = 0. Calculate the highest common divisor of t and 2.
1
Suppose -4*t + 148 = 4*c + 40, 3*t - 57 = 5*c. Let a be (-2966)/(-10) - t/(-60). Let v be 0/(-2) - a/(-9). What is the highest c